t is (3 + -53 - (331 - 486)) + 1 + -14?
92
What is the value of (-4 - (11 - 20)) + 15 + (-1 - 16)?
3
Evaluate 26 + (135 - 118) + 0 + -21.
22
What is the value of (2 - -13) + -27 + 44 + -20?
12
What is the value of 89 + -12 + (-22 - (-23 + 4))?
74
Evaluate (-9 - 5 - 3 - (13 - 14 - 9)) + 1.
-6
Evaluate 255 - 278 - (8 + (-125 - -3)).
91
What is -2 + 1 + -1 - (-406 + 427)?
-23
Evaluate 90 + 18 + -163 + 143.
88
What is the value of 39 + (43 - -7) + (1 - -1)?
91
Calculate (-10 - 1) + (-107 - -95).
-23
What is the value of 16 + -3 + 7 + 45 + -61 - 51?
-47
What is the value of 4 + 1 + -4 + (7 - 14 - 0) + 24?
18
What is (-13 - (17 + (1 - 28))) + 17?
14
What is -2 + 2 + 966 + -984?
-18
Calculate 0 - -31 - (10947 - 10893).
-23
Calculate -3 + -92 + (-16 + 35 - -10).
-66
52 + (-32 - -5) + 17
42
What is -33 + 50 + 11 + -61?
-33
Calculate 46 + 10 + 4 + (-14 - (-5 + 2)).
49
What is -43 - (-65 + -20) - -15?
57
Calculate -3 - (-36 - (5 + -3)) - (-4 + (33 - 21)).
27
What is (-328 - -318) + -18 + 5 + -2?
-25
Evaluate (8465 - 8427) + (-3 - 2 - (-1 - 0)).
34
What is the value of (-71 + (51 - 59) - -48) + 59?
28
What is -59 + 2 + 4626 + -4527?
42
Calculate (-9 - -40) + -24 - -2 - (0 + 5).
4
What is (58 + -38 - (21 - (-6 - -4))) + 124?
121
What is the value of -9 + (4 - 5) + (-1332 - -1344)?
2
What is the value of 25 + 28 + -87 + 35 + -10?
-9
Calculate 133 + -144 - (-25 - (0 - 0)) - 9 - -34.
39
What is 13 + (-35 - -29) + -7 - (3 - 1)?
-2
Evaluate -3 + -8 + (332 - 377).
-56
Evaluate 60 + (24 + -23 - 14) + 0.
47
What is 10 - (-47 + 133 - -1)?
-77
Evaluate 26 - ((30 - 19) + -33 - 13).
61
What is the value of (-28 - -1) + 16 + -32 + 5 + (1 - -11)?
-26
-133 + (-120 - -320) - (-6 - -1)
72
(89 - 60) + 10 + -14 - 6
19
What is ((4 - -5) + -2 - (-28 - (-26 - 24))) + 121?
106
-83 - 14 - (158 + -337)
82
What is -67 + 5 + -9 + (-29 - -57) + -24?
-67
Calculate 5 - (-33 + 93 + -50).
-5
What is the value of 102 + -97 + 18 + 38 + -9?
52
Evaluate (34 - -9) + -40 - 13.
-10
27 - 2 - (-21 - -46) - 21
-21
Evaluate 37 - (-2 + 1) - (9 - (112 - 106)).
35
86 - (66 + -64) - 57
27
What is the value of -70 - ((-17 - 1) + -12) - ((0 - -2) + 6)?
-48
What is 169 + -200 + (57 - 4)?
22
What is -33 - -1 - (9896 - 9988)?
60
Calculate (-9 - 19) + (-4 - (-19 + 10 + 1 + -5)).
-19
What is the value of 32 + -18 - (67 - 35) - (-1 - -8)?
-25
Calculate 91 + -81 - (-35 + -6).
51
46 - (-1 - (-1 + -6 + 1 + -5))
36
What is the value of 4 + (-4 - -9) + -1 + -5 + 34 - -6?
43
Evaluate 27 + -128 - (-26 + -17).
-58
Evaluate -54 + -30 + 57 - 0.
-27
Evaluate 17 - 40 - -15 - (10 - 4 - -30) - 2.
-46
What is the value of (9 - 12 - 6 - -3) + 23 + 5 + 0?
22
What is -26 + (-770 + 809 - (0 + 61))?
-48
-49 + 53 + (-23 - 21)
-40
Calculate 50 - (-29 - -6 - -107).
-34
Calculate -71 + 48 - ((-38 - 5) + -11).
31
32 + -60 + 57 + -22
7
What is the value of 56 - (-11 - (3 + -59 + 22))?
33
Calculate (-24 - 2) + (75 + -33 - 71).
-55
What is the value of -14 + (2 + -9 - (4 + -134)) + 3?
112
Evaluate -8 + (-81 - 8) - (12 + -4 + (3 - 14)).
-94
Calculate -22 - (-178 - (13 + (-3 - 34))).
132
Calculate 13 - ((-24 - (-13 + -9)) + (13 - 2)).
4
(678 - 801) + 13 + 109
-1
124 - (-7 + 41) - (36 - 69)
123
Evaluate 3 + 43 + 7 + -73.
-20
Evaluate 34 + (146 + -149 - -46).
77
Evaluate -36 + (-8 - -3) - -7 - 10.
-44
What is the value of -4501 + 4498 + (-2 - (3 - -11))?
-19
What is 3 + -2 + 13 + 31 + (-2 - 43)?
0
What is the value of 3 + ((10 - 16) + 2 - (41 + 4))?
-46
Calculate -40 - (16 - 66) - (-2 + 4 + -1) - -4.
13
-107 + 3 + 1 + 10 + (-92 - -88) + 15
-82
What is the value of 6 + -94 - (-7 + 1 + 2) - (-263 - -253)?
-74
(-28 - -97) + -60 + -1 + 30
38
What is the value of 10 + 0 + (-99 - -68) + -33 + -38?
-92
Calculate (-8 + -1 - -10) + -11 + 41 + 3.
34
543 + -543 - (-3 - (3 + -5)) - 1 - 125
-125
What is -277 + 206 + (1 - 18) + 26?
-62
What is 11 - (1 + -6) - (34 + 3)?
-21
What is 9 + (8 - (14 + (-6 + 3 - 5 - 0)))?
11
What is -13 + (5 - 1 - 9) - (10 - 18)?
-10
7 + -9 + 7 + -18 + 49
36
What is ((6 - 28) + 34 - -8) + 63?
83
What is the value of 10 + (5 - (-5 + 13 + -13)) + -53?
-33
-40 - (5 + -47) - 45
-43
1 - -21 - (183 + -21 - 106)
-34
Evaluate -2 + (30 - 33) + 3 + 2 + -4 + 81.
77
What is the value of (23 - 118 - -5) + 47?
-43
Calculate -106 - (37 + -265) - 100.
22
Evaluate -1 - -36 - (136 + (-320 - -150)).
69
9 + (2 - (-45 + 59 - (-1 + 10))) - 54
-48
Calculate -6 + 10 + 21 - -12 - 0.
37
Calculate 62 + -2 + -5 + -21 + 34.
68
Evaluate -138 - (-47 - (59 + 11)).
-21
Evaluate 46 + 0 - (67 - (19 - (40 - 76))).
34
What is the value of 22 - (10 - (5 + 22 + 1))?
40
-143 + 96 + 58 - (-31 - 2)
44
Evaluate (-164 - 12 - -56) + 91.
-29
29 + -61 + (-4 - (26 - -1))
-63
What is the value of (61 - 27) + -118 + 84?
0
What is (-2 - 22) + (545 + -561 - (-24 + 6 + -3))?
-19
0 + 0 + ((-6 - -100) + -20 - -23 - 17)
80
Calculate -1 - -1 - -22 - (-3924 + 3930).
16
-38 + (111 - 43) - (-5 + 2 + -1 - 5)
39
What is -11 + 0 + 32 + 8 + -43 - -62?
48
(-30 - (36 + 25)) + (0 - -7 - (-8 - -10))
-86
Calculate 0 - (-1 - 18) - (20 + 36 + -24 - 31).
18
What is the value of (2 - -8) + -10 + 15 + -13?
2
What is -60 + (-22 - (-5 - 17)) + 18?
-42
What is the value of (-28 - -45) + -26 + 3 - (-6 + -3 + -2)?
5
What is the value of (28 - (-45 + 57)) + -55?
-39
What is -105 + -122 + 150 - (-4 + 3)?
-76
Evaluate -52 + (-12 - (-17 + -43)).
-4
What is -14 + -1 - (71 + -19 + -19 - 52)?
4
Evaluate ((5 - 12) + 7 - (265 + -151)) + -17.
-131
What is the value of -16 - (30 - (-17 - (-10 - -4)))?
-57
What is the value of (-39 - -31) + 18 + 8?
18
-30 - (-17 - (95 - 64))
18
What is -31 + 10 + -2 - -8 - (-65 + -99) - 15?
134
-38 + -11 + 51 - ((1 - 58 - 1) + -1)
61
What is the value of -9 - (8 + -4 + (19 - 39))?
7
Calculate (-5 - (-16 + -1) - (63 + -41)) + 20 + -82.
-72
What is the value of (65 - (56 - 16)) + -71 + -4?
-50
-7 - ((1 - 15) + (-45 - -50 - -25))
-23
What is the value of -1 + (53 - 0 - (42 + -25 - (4 - -23)))?
62
What is the value of -1 + -1 + 2 + -5 - (24046 + -24067)?
16
What is the value of (-302 - -28 - -279) + -1 + 2 + 68?
74
Evaluate 6 - 16 - -30 - 63 - (-7 + 3).
-39
Evaluate (0 - 55) + -60 + 64 + 4 + -2.
-49
What is -1 - -36 - (4 - 4 - (-12 + 34 + -11))?
46
Evaluate (-10 - -14 - 19 - 7) + 17.
-5
Calculate 6 + -10 + (-11 - (-8 + 7 + -4 - 5)).
-5
What is -27 + (402 + -334 - (5 - -1))?
35
(23 - (46 + -18)) + -8 + 36
23
-4516 + 4564 - (6 + 0)
42
Calculate -7 - 0 - (10 + (-9 - 7) + -1) - -50.
50
Calculate 1596 - 1632 - (-139 + 5 + -6).
104
Evaluate -42 - (-41 + 14) - -52.
37
Evaluate 58 + 2 - (3615 - 3559).
4
What is 57 + (-323 - -87) + 3 + 23?
-153
What is the value of 35 + (-44 - (-118 - -41)) - -22?
90
What is the value of 1 - 9 - 0 - (6552 + -6581)?
21
Calculate -1 - (((-3 - -1) + 5 - 9) + 25 + 25).
-45
100 + -85 + (-1 - 5) - (-20 + -2 + -1)
32
What is the value of -30 + 0 + (810 - 760)?
20
Calculate 4 + -13 + ((-9 - -4) + -4 - (-5 - 43)).
30
What is the value of -33 + (-115 - -153) - (-38 + 1)?
42
Calculate 11 - 1 - (-6 - (0 - 3)) - (-3542 + 3515).
40
What is the value of -11 - ((-25 - -20) + -18)?
12
What is (1 - 68) + 9 + -9 + (-24 - -41)?
-50
What is the value of (39 - -44 - 57) + 8?
34
Evaluate 2 + (148 - 171 - (1 + 42)).
-64
(36 - -1) + 118 + -90 + -16
49
Calculate -40 + -3 + 55 - (85 + (-3 - (3 + -8))).
-75
24 + 18 + (-58 - -64)
48
Evaluate 53 + 4 + (-112 - 36).
-91
Calculate 0 + -144 + (4 - 4) + -315 + 112 + 213.
-134
11 + (-39 + 36 - -4)
12
What is 62 + (7 - (16 - (22 - 10)))?
65
What is the value of -28 - -45 - 11 - (2 + -12)?
16
What is the value of (-4 - 69) + -206 + 200 + 22 + -1 + -8?
-66
Evaluate 11 - (-1 - -17) - 14.
-19
Evaluate 37 - 54 - ((7 - (-1 + 8 + -7)) + -6).
-18
What is the value of -2 - (9 + (63 - 33 - 12))?
-29
What is the value of 5 + -14 - (28 - 10 - 12) - -40?
25
Evaluate -26 - (1 - 20) - (-2 - 3 - (-2 - -65)).
61
Calculate -1 + -110 - (-32449 - -32352).
-14
What is the value of 7772 + -7883 - (28 - 1)?
-138
What is 18 + (17 - 17 - -6) + -3?
21
What is the value of (289 - 326) + (69 - 5)?
27
Calculate -89 + 62 + 8 + (16 - 1 - (-1 - -4)).
-7
Evaluate (28 - 33) + 13 + -5.
3
Calculate 46 - -6 - (-20 + -6 + 19).
59
What is the value of 80 - 7 - 15 - -21 - (2 + -25)?
102
What is 7 + (158 + -167 - (2 - (-3 + (-2 - -3))))?
-6
Evaluate (0 - 8) + (-92 + 81 - (-23 - -5)) + 